{"id":266,"date":"2023-02-01T19:46:43","date_gmt":"2023-02-01T19:46:43","guid":{"rendered":"http:\/\/kzv-suedeifel.de\/?page_id=266"},"modified":"2023-02-01T21:52:11","modified_gmt":"2023-02-01T21:52:11","slug":"impressum","status":"publish","type":"page","link":"http:\/\/kzv-suedeifel.de\/en\/impressum\/","title":{"rendered":"Imprint"},"content":{"rendered":"<p>Angaben gem\u00e4\u00df \u00a7 5 TMG<\/p>\n\n\n\n<p><br>Kaninchenzuchtverein RN7 S\u00fcdeifel e.V.<br>Am Forst 18<br>54597 Rommersheim<\/p>\n\n\n\n<p><br>Vereinsregister: VR 30655<br>Registergericht: Amtsgericht Wittlich<\/p>\n\n\n\n<p><br>Vertreten durch:<br>Marxen Frank<br>Am Forst 18,<br>54597 Rommersheim<\/p>\n\n\n\n<p><br>Barthel Wolfgang<br>M\u00fchlenweg 30,<br>54675 Roth an der Our<\/p>\n\n\n\n<p><br>Kontakt<br>Telefon: (+49)6551\/980744<br>E-Mail: RN7suedeifel@gmx.de<\/p>\n\n\n\n<p>Redaktionell verantwortlich<br>Kaninchenzuchtverein RN7 S\u00fcdeifel e.V.<\/p>\n\n\n\n<p><br>i.d.r.<br>Marxen Frank<br>Am Forst 18,<br>54597 Rommersheim<\/p>\n\n\n\n<p><br>EU-Streitschlichtung<br>Die Europ\u00e4ische Kommission stellt eine Plattform zur Online-Streitbeilegung (OS) bereit:<br>https:\/\/ec.europa.eu\/consumers\/odr\/.<br>Unsere E-Mail-Adresse finden Sie oben im Impressum<\/p>\n\n\n\n<p>Verbraucherstreitbeilegung\/Universalschlichtungsstelle<br>Wir sind nicht bereit oder verpflichtet, an Streitbeilegungsverfahren vor einer<br>Verbraucherschlichtungsstelle teilzunehmen.<br>Quelle:<br>eRecht24<\/p>","protected":false},"excerpt":{"rendered":"<p>Angaben gem\u00e4\u00df \u00a7 5 TMG Kaninchenzuchtverein RN7 S\u00fcdeifel e.V.Am Forst 1854597 Rommersheim Vereinsregister: VR 30655Registergericht: Amtsgericht Wittlich Vertreten durch:Marxen FrankAm &hellip; <\/p>","protected":false},"author":1,"featured_media":0,"parent":0,"menu_order":0,"comment_status":"closed","ping_status":"closed","template":"","meta":{"_price":"","_stock":"","_tribe_ticket_header":"","_tribe_default_ticket_provider":"","_tribe_ticket_capacity":"0","_ticket_start_date":"","_ticket_end_date":"","_tribe_ticket_show_description":"","_tribe_ticket_show_not_going":false,"_tribe_ticket_use_global_stock":"","_tribe_ticket_global_stock_level":"","_global_stock_mode":"","_global_stock_cap":"","_tribe_rsvp_for_event":"","_tribe_ticket_going_count":"","_tribe_ticket_not_going_count":"","_tribe_tickets_list":[],"_tribe_ticket_has_attendee_info_fields":false},"jetpack-related-posts":[{"id":103,"url":"http:\/\/kzv-suedeifel.de\/en\/senioren\/","url_meta":{"origin":266,"position":0},"title":"Senioren","author":"admin","date":"25. January 2023","format":false,"excerpt":"Kassierer,JugendwartBales AlbertHerderstra\u00dfe 8, 54636 OberweisTel.: 0151\/24028120a.bales@web.deDalmatinerrex Schwarz-wei\u00df Info2. VorsitzenderT\u00e4towiermeister S\u00fcdbereichBarthel WolfgangM\u00fchlenweg 30, 54675 Roth an der OurTel.: 06566\/491Barthel-Roth@t-online.deRiesenschecke schwarz-wei\u00df InfoLohkaninchen schwarz InfoT\u00e4towiermeister NordbereichHuppertz HorstLuxemburgerstra\u00dfe 57,B-4780 St. VithTel.: 0032\/472279057horst.huppertz@gmail.comFacebookZwergwidder Rex blau InfoZwergwidder Rex wei\u00df BA InfoFarbenzwerg wildfarben(Standard Deutschland) InfoFarbenzwerg eisengrau(Standard Deutschland) InfoFarbenzwerg dunkelgrau(Standard Deutschland) InfoFarbenzwerg schwarz(Standard Deutschland) Info1. Vorsitzender,kommesarischer Schriftf\u00fchrer,WebmasterMarxen FrankAm\u2026","rel":"","context":"Similar post","block_context":{"text":"Similar post","link":""},"img":{"alt_text":"","src":"","width":0,"height":0},"classes":[]},{"id":294,"url":"http:\/\/kzv-suedeifel.de\/en\/vereinsgeschichte-2\/","url_meta":{"origin":266,"position":1},"title":"Vereinsgeschichte","author":"admin","date":"1. February 2023","format":false,"excerpt":"Der Verein RN 7 S\u00fcdeifel e. V. wurde am 1.1.2002 gegr\u00fcndet. Es haben sich die VereineRN 15 Speicher,RN 82 Wolsfeld,RN 110 Bitburgzu dem neuen Verein RN7 S\u00fcdeifel e.V. zusammengschlossen. Die Mitgliederzahlen aller 3 Verein sind in den letzten Jahren kontinuierlich gesunken, da nicht gen\u00fcgend neue Z\u00fcchter gefunden wurden. Damit war\u2026","rel":"","context":"Similar post","block_context":{"text":"Similar post","link":""},"img":{"alt_text":"","src":"","width":0,"height":0},"classes":[]},{"id":133,"url":"http:\/\/kzv-suedeifel.de\/en\/vereinslokal\/","url_meta":{"origin":266,"position":2},"title":"Vereinslokal","author":"admin","date":"26. January 2023","format":false,"excerpt":"Hallo, leider hat unser Vereinslokal seit Dezember 2024 geschlossen. Seitdem treffen wir uns abwechselnd bei unseren Mitgliedern zuhause.","rel":"","context":"Similar post","block_context":{"text":"Similar post","link":""},"img":{"alt_text":"","src":"","width":0,"height":0},"classes":[]},{"id":310,"url":"http:\/\/kzv-suedeifel.de\/en\/home\/","url_meta":{"origin":266,"position":3},"title":"Home","author":"admin","date":"1. February 2023","format":false,"excerpt":"","rel":"","context":"Similar post","block_context":{"text":"Similar post","link":""},"img":{"alt_text":"","src":"","width":0,"height":0},"classes":[]},{"id":339,"url":"http:\/\/kzv-suedeifel.de\/en\/frage\/","url_meta":{"origin":266,"position":4},"title":"Feedback","author":"admin","date":"2. February 2023","format":false,"excerpt":"","rel":"","context":"Similar post","block_context":{"text":"Similar post","link":""},"img":{"alt_text":"","src":"","width":0,"height":0},"classes":[]},{"id":363,"url":"http:\/\/kzv-suedeifel.de\/en\/kontakt\/","url_meta":{"origin":266,"position":5},"title":"Kontakt","author":"admin","date":"2. February 2023","format":false,"excerpt":"Chat in WhatsApp","rel":"","context":"Similar post","block_context":{"text":"Similar post","link":""},"img":{"alt_text":"","src":"","width":0,"height":0},"classes":[]}],"ticketed":false,"_links":{"self":[{"href":"http:\/\/kzv-suedeifel.de\/en\/wp-json\/wp\/v2\/pages\/266"}],"collection":[{"href":"http:\/\/kzv-suedeifel.de\/en\/wp-json\/wp\/v2\/pages"}],"about":[{"href":"http:\/\/kzv-suedeifel.de\/en\/wp-json\/wp\/v2\/types\/page"}],"author":[{"embeddable":true,"href":"http:\/\/kzv-suedeifel.de\/en\/wp-json\/wp\/v2\/users\/1"}],"replies":[{"embeddable":true,"href":"http:\/\/kzv-suedeifel.de\/en\/wp-json\/wp\/v2\/comments?post=266"}],"version-history":[{"count":2,"href":"http:\/\/kzv-suedeifel.de\/en\/wp-json\/wp\/v2\/pages\/266\/revisions"}],"predecessor-version":[{"id":306,"href":"http:\/\/kzv-suedeifel.de\/en\/wp-json\/wp\/v2\/pages\/266\/revisions\/306"}],"wp:attachment":[{"href":"http:\/\/kzv-suedeifel.de\/en\/wp-json\/wp\/v2\/media?parent=266"}],"curies":[{"name":"wp","href":"https:\/\/api.w.org\/{rel}","templated":true}]}}

<p>Angaben gemäß § 5 TMG</p>



<p><br>Kaninchenzuchtverein RN7 Südeifel e.V.<br>Am Forst 18<br>54597 Rommersheim</p>



<p><br>Vereinsregister: VR 30655<br>Registergericht: Amtsgericht Wittlich</p>



<p><br>Vertreten durch:<br>Marxen Frank<br>Am Forst 18,<br>54597 Rommersheim</p>



<p><br>Barthel Wolfgang<br>Mühlenweg 30,<br>54675 Roth an der Our</p>



<p><br>Kontakt<br>Telefon: (+49)6551/980744<br>E-Mail: RN7suedeifel@gmx.de</p>



<p>Redaktionell verantwortlich<br>Kaninchenzuchtverein RN7 Südeifel e.V.</p>



<p><br>i.d.r.<br>Marxen Frank<br>Am Forst 18,<br>54597 Rommersheim</p>



<p><br>EU-Streitschlichtung<br>Die Europäische Kommission stellt eine Plattform zur Online-Streitbeilegung (OS) bereit:<br>https://ec.europa.eu/consumers/odr/.<br>Unsere E-Mail-Adresse finden Sie oben im Impressum</p>



<p>Verbraucherstreitbeilegung/Universalschlichtungsstelle<br>Wir sind nicht bereit oder verpflichtet, an Streitbeilegungsverfahren vor einer<br>Verbraucherschlichtungsstelle teilzunehmen.<br>Quelle:<br>eRecht24</p>

<p>Angaben gemäß § 5 TMG Kaninchenzuchtverein RN7 Südeifel e.V.Am Forst 1854597 Rommersheim Vereinsregister: VR 30655Registergericht: Amtsgericht Wittlich Vertreten durch:Marxen FrankAm &hellip; </p>

Kassierer,JugendwartBales AlbertHerderstraße 8, 54636 OberweisTel.: 0151/24028120a.bales@web.deDalmatinerrex Schwarz-weiß Info2. VorsitzenderTätowiermeister SüdbereichBarthel WolfgangMühlenweg 30, 54675 Roth an der OurTel.: 06566/491Barthel-Roth@t-online.deRiesenschecke schwarz-weiß InfoLohkaninchen schwarz InfoTätowiermeister NordbereichHuppertz HorstLuxemburgerstraße 57,B-4780 St. VithTel.: 0032/472279057horst.huppertz@gmail.comFacebookZwergwidder Rex blau InfoZwergwidder Rex weiß BA InfoFarbenzwerg wildfarben(Standard Deutschland) InfoFarbenzwerg eisengrau(Standard Deutschland) InfoFarbenzwerg dunkelgrau(Standard Deutschland) InfoFarbenzwerg schwarz(Standard Deutschland) Info1. Vorsitzender,kommesarischer Schriftführer,WebmasterMarxen FrankAm…

Der Verein RN 7 Südeifel e. V. wurde am 1.1.2002 gegründet. Es haben sich die VereineRN 15 Speicher,RN 82 Wolsfeld,RN 110 Bitburgzu dem neuen Verein RN7 Südeifel e.V. zusammengschlossen. Die Mitgliederzahlen aller 3 Verein sind in den letzten Jahren kontinuierlich gesunken, da nicht genügend neue Züchter gefunden wurden. Damit war…
